{"id":7679,"date":"2023-05-09T12:35:16","date_gmt":"2023-05-09T09:35:16","guid":{"rendered":"http:\/\/www.dasp.ro\/wp-content\/uploads\/2023\/05\/Cerere-pentru-evaluare-complexa-si-incadrare-a-copilului-cu-dizabilitati-in-grad-de-handicapacces-la-servicii-de-abilitare-si-reabilitare.pdf"},"modified":"2023-05-09T12:35:16","modified_gmt":"2023-05-09T09:35:16","slug":"cerere-pentru-evaluare-complexa-si-incadrare-a-copilului-cu-dizabilitati-in-grad-de-handicapacces-la-servicii-de-abilitare-si-reabilitare-2","status":"inherit","type":"attachment","link":"https:\/\/www.dasp.ro\/de\/cerere-pentru-evaluare-complexa-si-incadrare-a-copilului-cu-dizabilitati-in-grad-de-handicapacces-la-servicii-de-abilitare-si-reabilitare-2\/","title":{"rendered":"Cerere-pentru-evaluare-complex\u0103-\u015fi-\u00eencadrare-a-copilului-cu-dizabilit\u0103\u0163i-\u00een-grad-de-handicapacces-la-servicii-de-abilitare-\u015fi-reabilitare"},"author":1,"featured_media":0,"comment_status":"closed","ping_status":"closed","template":"","meta":[],"class_list":["post-7679","attachment","type-attachment","status-inherit","hentry"],"translation":{"provider":"WPGlobus","version":"3.0.0","language":"de","enabled_languages":["en","es","de","fr","ru"],"languages":{"en":{"title":true},"es":{"title":false},"de":{"title":false},"fr":{"title":false},"ru":{"title":false}}},"description":{"rendered":"<p class=\"attachment\"><a href='https:\/\/www.dasp.ro\/wp-content\/uploads\/2023\/05\/Cerere-pentru-evaluare-complexa-si-incadrare-a-copilului-cu-dizabilitati-in-grad-de-handicapacces-la-servicii-de-abilitare-si-reabilitare.pdf'>Cerere-pentru-evaluare-complex\u0103-\u015fi-\u00eencadrare-a-copilului-cu-dizabilit\u0103\u0163i-\u00een-grad-de-handicapacces-la-servicii-de-abilitare-\u015fi-reabilitare<\/a><\/p>\n"},"caption":{"rendered":"<p>Cerere-pentru-evaluare-complex\u0103-\u015fi-\u00eencadrare-a-copilului-cu-dizabilit\u0103\u0163i-\u00een-grad-de-handicapacces-la-servicii-de-abilitare-\u015fi-reabilitare<\/p>\n"},"alt_text":"","media_type":"file","mime_type":"application\/pdf","media_details":{"filesize":364083,"sizes":{}},"post":null,"source_url":"https:\/\/www.dasp.ro\/wp-content\/uploads\/2023\/05\/Cerere-pentru-evaluare-complexa-si-incadrare-a-copilului-cu-dizabilitati-in-grad-de-handicapacces-la-servicii-de-abilitare-si-reabilitare.pdf","_links":{"self":[{"href":"https:\/\/www.dasp.ro\/de\/wp-json\/wp\/v2\/media\/7679","targetHints":{"allow":["GET"]}}],"collection":[{"href":"https:\/\/www.dasp.ro\/de\/wp-json\/wp\/v2\/media"}],"about":[{"href":"https:\/\/www.dasp.ro\/de\/wp-json\/wp\/v2\/types\/attachment"}],"author":[{"embeddable":true,"href":"https:\/\/www.dasp.ro\/de\/wp-json\/wp\/v2\/users\/1"}],"replies":[{"embeddable":true,"href":"https:\/\/www.dasp.ro\/de\/wp-json\/wp\/v2\/comments?post=7679"}]}}

Cerere-pentru-evaluare-complexă-şi-încadrare-a-copilului-cu-dizabilităţi-în-grad-de-handicapacces-la-servicii-de-abilitare-şi-reabilitare

<p class="attachment"><a href='https://www.dasp.ro/wp-content/uploads/2023/05/Cerere-pentru-evaluare-complexa-si-incadrare-a-copilului-cu-dizabilitati-in-grad-de-handicapacces-la-servicii-de-abilitare-si-reabilitare.pdf'>Cerere-pentru-evaluare-complexă-şi-încadrare-a-copilului-cu-dizabilităţi-în-grad-de-handicapacces-la-servicii-de-abilitare-şi-reabilitare</a></p>

<p>Cerere-pentru-evaluare-complexă-şi-încadrare-a-copilului-cu-dizabilităţi-în-grad-de-handicapacces-la-servicii-de-abilitare-şi-reabilitare</p>
